{"id":12,"date":"2020-04-30T15:03:08","date_gmt":"2020-04-30T13:03:08","guid":{"rendered":"http:\/\/franckdadure.com\/LCAD\/?page_id=12"},"modified":"2026-02-09T15:03:00","modified_gmt":"2026-02-09T14:03:00","slug":"fakir-orchestra","status":"publish","type":"page","link":"http:\/\/franckdadure.com\/LCAD\/index.php\/fakir-orchestra\/","title":{"rendered":"the Fakir Orchestra"},"content":{"rendered":"<pre><iframe loading=\"lazy\" src=\"https:\/\/www.youtube.com\/embed\/tMMAwvEOAP4\" width=\"560\" height=\"315\" frameborder=\"0\" allowfullscreen=\"allowfullscreen\"><\/iframe> <span style=\"font-family: arial, helvetica, sans-serif; font-size: 14px;\">Live band : <strong>Franck\u00a0Dadure &amp; The Fakir Orchestra<\/strong>. 2 albums (<strong><em>M\u00e9lodies Lunatiques <\/em><\/strong>et <strong><em>Tako Mitsu<\/em><\/strong>)\u00a0enregistr\u00e9s et produits sur le label <strong style=\"font-style: italic;\">Signature <\/strong><strong><em>(\u00e9ditions<\/em><em> Radio France)<\/em>.<\/strong> Invit\u00e9s: Daniel Zimmerman (trombone), Fabien Duscombs (batterie), Black Sifichi (spokenwords) Smadj (oud), Dominique Grimaldi (bass) Elliott Touzalin (Tp)\u2026 tourn\u00e9es en solo (the Fakir) et avec le groupe (the Fakir Orchestra), du Canada \u00e0 la Chine en passant par l\u2019Europe, dans les festivals: les escales improbables de Montr\u00e9al (QC), Ars Musica \u00e0 Bruxelles, jazz \u00e0 la Chauds de fonds (CH), tourn\u00e9e \u00e0 Beijing, Jinan, Tsien-Tsin, Chengdu (CN) ... Radio: open Jazz et Banza\u00ef d\u2019Alex Duthil et Nathalie Piol\u00e9 sur France Musique, FIP, the Fakir orchestra live \u00e0 la maison de la radio, interviews France Musique\/France Culture.<\/span><\/pre>\n<pre><b><a href=\"https:\/\/www.radiofrance.fr\/francemusique\/podcasts\/banzzai\/la-playlist-jazz-de-nathalie-piole-tommy-dorsey-franck-dadure-alice-coltrane-thomas-de-pourquery-and-more-5938593\" target=\"_blank\" rel=\"noopener\"><img loading=\"lazy\" decoding=\"async\" class=\"alignnone wp-image-804 size-full\" src=\"http:\/\/franckdadure.com\/LCAD\/wp-content\/uploads\/2022\/09\/Capture-decran-2022-09-21-a-02.05.10.jpg\" alt=\"\" width=\"2418\" height=\"912\" \/><\/a>\n La transe du Fakir Orchestra. \u00a0 \u00a0 \u00a0 \u00a0 \u00a0 \u00a0 \u00a0 \u00a0 \u00a0 \u00a0 \u00a0 \u00a0 \u00a0 \u00a0 \u00a0 \u00a0 \u00a0 \u00a0 \u00a0 \u00a0 \u00a0 \u00a0 \u00a0 \u00a0 \u00a0 \u00a0 \u00a0 \u00a0 \u00a0 \u00a0 \u00a0 \u00a0 \u00a0 \u00a0 \u00a0 \u00a0 \u00a0 \u00a0 \u00a0 \u00a0 \u00a0 \u00a0 \u00a0 \u00a0 \u00a0\n<\/b><span style=\"font-family: arial, helvetica, sans-serif; font-size: 14px;\">Un groupe de sc\u00e8ne taill\u00e9 sur mesure pour Franck Dadure, producteur-musicien oscillant entre folie douce et g\u00e9niale inspiraton. Sous l\u2019habit de ce Fakir post-digital, Franck \u00e9labore une potion musicale ultra-euphorisante et insolite \u00e0 base de clarinette Turque \u00e9lectrifi\u00e9e, guitare spatiale, Theremin-tour-Eiffel, senza-fuzz et autres bricolages electro-acoustiques maison. \nRythmes sophistiqu\u00e9s, m\u00e9lodies orientalis\u00e9es, bruitages num\u00e9ris\u00e9s, improvisations libres et cr\u00e9atives, les envol\u00e9es electro-jazz mutantes du Fakir flirtent all\u00e8grement avec une drum &amp; bass des plus incandescentes.  \nUn \u00e9lixir qui explose sur sc\u00e8ne avec <b>The FAKIR Orchestra <\/b>5tet pour une musique envo\u00fbtante au groove irr\u00e9sistible ! Le label Signature de Radio France a appr\u00e9ci\u00e9 cette richesse cr\u00e9ative en signant Franck pour les deux albums:\u00a0(<a href=\"https:\/\/franckdadure1.bandcamp.com\/merch\" target=\"_blank\" rel=\"noopener\">M\u00e9lodies Lunatiques et Tako Mitsu<\/a>) enregistr\u00e9s dans les studios de la Maison de la Radio.\n\n<\/span>\n\n<a href=\"https:\/\/franckdadure1.bandcamp.com\/merch\" target=\"_blank\" rel=\"noopener\"><img loading=\"lazy\" decoding=\"async\" class=\"alignnone wp-image-75\" src=\"http:\/\/franckdadure.com\/LCAD\/wp-content\/uploads\/2020\/04\/COUVERTURE-M\u00c9LODIES-LUNATIQUES-753x1024.jpg\" alt=\"COUVERTURE M\u0083LODIES LUNATIQUES.indd\" width=\"450\" height=\"612\" srcset=\"http:\/\/franckdadure.com\/LCAD\/wp-content\/uploads\/2020\/04\/COUVERTURE-M\u00c9LODIES-LUNATIQUES-753x1024.jpg 753w, http:\/\/franckdadure.com\/LCAD\/wp-content\/uploads\/2020\/04\/COUVERTURE-M\u00c9LODIES-LUNATIQUES-221x300.jpg 221w, http:\/\/franckdadure.com\/LCAD\/wp-content\/uploads\/2020\/04\/COUVERTURE-M\u00c9LODIES-LUNATIQUES-768x1044.jpg 768w, http:\/\/franckdadure.com\/LCAD\/wp-content\/uploads\/2020\/04\/COUVERTURE-M\u00c9LODIES-LUNATIQUES.jpg 1101w\" sizes=\"auto, (max-width: 450px) 100vw, 450px\" \/><\/a>\n\n<a href=\"https:\/\/franckdadure1.bandcamp.com\/merch\" target=\"_blank\" rel=\"noopener\"><img loading=\"lazy\" decoding=\"async\" class=\"alignnone wp-image-72\" src=\"http:\/\/franckdadure.com\/LCAD\/wp-content\/uploads\/2020\/04\/recto-Tako-Mittsu-1024x917.jpg\" alt=\"Tako Mitsu Franck Dadure &amp; the Fakir orchstra\" width=\"450\" height=\"403\" srcset=\"http:\/\/franckdadure.com\/LCAD\/wp-content\/uploads\/2020\/04\/recto-Tako-Mittsu-1024x917.jpg 1024w, http:\/\/franckdadure.com\/LCAD\/wp-content\/uploads\/2020\/04\/recto-Tako-Mittsu-300x269.jpg 300w, http:\/\/franckdadure.com\/LCAD\/wp-content\/uploads\/2020\/04\/recto-Tako-Mittsu-768x688.jpg 768w, http:\/\/franckdadure.com\/LCAD\/wp-content\/uploads\/2020\/04\/recto-Tako-Mittsu.jpg 1648w\" sizes=\"auto, (max-width: 450px) 100vw, 450px\" \/><\/a><\/pre>\n<p><span style=\"font-family: arial, helvetica, sans-serif; font-size: 14px;\"><a href=\"https:\/\/franckdadure1.bandcamp.com\/merch\" target=\"_blank\" rel=\"noopener\"><strong> <em>(acheter\/buy)<\/em> <\/strong><\/a><\/span><\/p>\n<pre><b>The trance of the Fakir Orchestra.<\/b>\n\n<iframe loading=\"lazy\" style=\"border: 0; width: 100%; height: 50px;\" src=\"https:\/\/bandcamp.com\/band_follow_button_deluxe\/1268553354\" width=\"300\" height=\"150\" scrolling=\"no\"><\/iframe> A stage group tailored to Franck Dadure, producer-musician oscillating between sweet madness and brilliant inspiration. Under the guise of this post-digital Fakir, Franck is developing an ultra-euphoric and unusual musical potion based on electrified Turkish clarinet, space guitar, Theremin-Eiffel Tower, senza-fuzz and other electro-acoustic house crafts. Sophisticated rhythms, orientalized melodies, digitized sound effects, free and creative improvisations, electro-jazz mutant flights of the Fakir flirt flamboyantly with an incandescent drum &amp; bass. An elixir that explodes on stage with The FAKIR Orchestra 5tet: Amazing formation composed of two clarinets (Turkish and bass), guitar, double bass, drums, hypnotic trumpet, for a haunting music with an irresistible groove! The house of Radio France has appreciated this creative wealth by signing Franck for two albums (Melodies Lunatiques and Tako Mitsu) recorded in the studios of the Maison de la Radio.<\/pre>\n<hr \/>\n<pre><i><img loading=\"lazy\" decoding=\"async\" class=\"alignnone wp-image-37 size-large\" src=\"http:\/\/franckdadure.com\/LCAD\/wp-content\/uploads\/2020\/04\/C-Fakir-orchestra-trio-CDLN-1024x683.jpg\" alt=\"C-Fakir orchestra trio CDLN\" width=\"660\" height=\"440\" srcset=\"http:\/\/franckdadure.com\/LCAD\/wp-content\/uploads\/2020\/04\/C-Fakir-orchestra-trio-CDLN-1024x683.jpg 1024w, http:\/\/franckdadure.com\/LCAD\/wp-content\/uploads\/2020\/04\/C-Fakir-orchestra-trio-CDLN-300x200.jpg 300w, http:\/\/franckdadure.com\/LCAD\/wp-content\/uploads\/2020\/04\/C-Fakir-orchestra-trio-CDLN-768x512.jpg 768w, http:\/\/franckdadure.com\/LCAD\/wp-content\/uploads\/2020\/04\/C-Fakir-orchestra-trio-CDLN.jpg 1200w\" sizes=\"auto, (max-width: 660px) 100vw, 660px\" \/>\n<\/i>\n\n<\/pre>\n<p><a title=\"WebAnalytics\" href=\"http:\/\/www.xiti.com\/xiti.asp?s=241036\" target=\"_top\" rel=\"noopener\"><br \/>\n<script type=\"text\/javascript\"><br \/>\n<!--\nXt_param = 's=241036&p=fakir';\ntry {Xt_r = top.document.referrer;}\ncatch(e) {Xt_r = document.referrer; }\nXt_h = new Date();\nXt_i = '<img width=\"80\" height=\"15\" border=\"0\" alt=\"\" '; Xt_i += 'src=\"https:\/\/logv30.xiti.com\/orcr.xiti?'+Xt_param; Xt_i += '&hl='+Xt_h.getHours()+'x'+Xt_h.getMinutes()+'x'+Xt_h.getSeconds(); if(parseFloat(navigator.appVersion)>=4)\n{Xt_s=screen;Xt_i+='&r='+Xt_s.width+'x'+Xt_s.height+'x'+Xt_s.pixelDepth+'x'+Xt_s.colorDepth;}\ndocument.write(Xt_i+'&ref='+Xt_r.replace(\/[<>\"]\/g, '').replace(\/&\/g, '$')+'\" title=\"Internet Audience\">');\n\/\/--><br \/>\n<\/script><br \/>\n<noscript><br \/>\nMesure d&rsquo;audience ROI statistique webanalytics par <img loading=\"lazy\" decoding=\"async\" width=\"80\" height=\"15\" src=\"https:\/\/logv30.xiti.com\/orcr.xiti?s=241036&amp;p=fakir\" alt=\"WebAnalytics\"><br \/>\n<\/noscript><\/a><\/p>\n","protected":false},"excerpt":{"rendered":"<p>Live band : Franck\u00a0Dadure &amp; The Fakir Orchestra. 2 albums (M\u00e9lodies Lunatiques et Tako Mitsu)\u00a0enregistr\u00e9s et produits sur le label Signature (\u00e9ditions Radio France). Invit\u00e9s: Daniel Zimmerman (trombone), Fabien Duscombs (batterie), Black Sifichi (spokenwords) Smadj (oud), Dominique Grimaldi (bass) Elliott Touzalin (Tp)\u2026 tourn\u00e9es en solo (the Fakir) et avec le groupe (the Fakir Orchestra), du &hellip; <a href=\"http:\/\/franckdadure.com\/LCAD\/index.php\/fakir-orchestra\/\" class=\"more-link\">Continuer la lecture de <span class=\"screen-reader-text\">the Fakir Orchestra<\/span><\/a><\/p>\n","protected":false},"author":1,"featured_media":0,"parent":0,"menu_order":0,"comment_status":"closed","ping_status":"closed","template":"","meta":{"footnotes":""},"class_list":["post-12","page","type-page","status-publish","hentry"],"_links":{"self":[{"href":"http:\/\/franckdadure.com\/LCAD\/index.php\/wp-json\/wp\/v2\/pages\/12","targetHints":{"allow":["GET"]}}],"collection":[{"href":"http:\/\/franckdadure.com\/LCAD\/index.php\/wp-json\/wp\/v2\/pages"}],"about":[{"href":"http:\/\/franckdadure.com\/LCAD\/index.php\/wp-json\/wp\/v2\/types\/page"}],"author":[{"embeddable":true,"href":"http:\/\/franckdadure.com\/LCAD\/index.php\/wp-json\/wp\/v2\/users\/1"}],"replies":[{"embeddable":true,"href":"http:\/\/franckdadure.com\/LCAD\/index.php\/wp-json\/wp\/v2\/comments?post=12"}],"version-history":[{"count":39,"href":"http:\/\/franckdadure.com\/LCAD\/index.php\/wp-json\/wp\/v2\/pages\/12\/revisions"}],"predecessor-version":[{"id":2230,"href":"http:\/\/franckdadure.com\/LCAD\/index.php\/wp-json\/wp\/v2\/pages\/12\/revisions\/2230"}],"wp:attachment":[{"href":"http:\/\/franckdadure.com\/LCAD\/index.php\/wp-json\/wp\/v2\/media?parent=12"}],"curies":[{"name":"wp","href":"https:\/\/api.w.org\/{rel}","templated":true}]}}